{"id":21,"date":"2023-06-22T08:58:25","date_gmt":"2023-06-22T08:58:25","guid":{"rendered":"https:\/\/uid-cloud18.segi.ulg.ac.be\/planicrise\/?page_id=21"},"modified":"2026-03-23T10:06:27","modified_gmt":"2026-03-23T10:06:27","slug":"inscriptions","status":"publish","type":"page","link":"https:\/\/www.planicrise.be\/index.php\/inscriptions\/","title":{"rendered":"Inscriptions"},"content":{"rendered":"\n<p class=\"has-medium-font-size\" style=\"font-style:normal;font-weight:700\">Conditions d&#8217;admission<\/p>\n\n\n\n<p>Afin de s\u2019inscrire, les candidats doivent poss\u00e9der un dipl\u00f4me de 1er cycle d\u2019enseignement sup\u00e9rieur ou avoir fr\u00e9quent\u00e9 l\u2019enseignement sup\u00e9rieur pendant deux ans et d\u00e9montrer une exp\u00e9rience de 5 ans dans un domaine en rapport avec le certificat.<\/p>\n\n\n\n<p>Pour les \u00e9tudiants qui sont d\u00e9j\u00e0 certifi\u00e9s PlaniCom (Gestion de crise et planification d\u2019urgence \u2013 ULi\u00e8ge et UCLouvain), une dispense est pr\u00e9vue.<\/p>\n\n\n\n<p>Merci \u00e9galement de prendre connaissances du r\u00e8glement r\u00e9gissant l\u2019ensemble des formations continues du l\u2019universit\u00e9 de Li\u00e8ge&nbsp;: <a href=\"https:\/\/www.enseignement.uliege.be\/upload\/docs\/application\/pdf\/2024-07\/r_formation_continue_2024-2025_ca240703.pdf\">https:\/\/www.enseignement.uliege.be\/upload\/docs\/application\/pdf\/2024-07\/r_formation_continue_2024-2025_ca240703.pdf<\/a><\/p>\n\n\n\n<p class=\"has-medium-font-size\" style=\"font-style:normal;font-weight:700\">Droits d&#8217;inscription<\/p>\n\n\n\n<p>Les droits d\u2019inscription \u00e0 cette formation s\u2019\u00e9l\u00e8vera \u00e0 2.850 \u20ac.<\/p>\n\n\n\n<ul class=\"wp-block-list\">\n<li>Si vous avez d\u00e9j\u00e0 suivi Planicom le droit d&#8217;inscription sera de de 1.750 \u20ac<\/li>\n<\/ul>\n\n\n\n<p>Si vous choisissez de faire votre cursus en 2 ans, les droits de r\u00e9inscription pour la deuxi\u00e8me ann\u00e9e s&#8217;\u00e9l\u00e8vent \u00e0 150\u20ac.<\/p>\n\n\n\n<p class=\"has-medium-font-size\" style=\"font-style:normal;font-weight:700\">Pour s&#8217;inscrire<\/p>\n\n\n\n<p>Les inscriptions \u00e0 la formation sont r\u00e9alis\u00e9es sur base de dossier via une candidature.<\/p>\n\n\n\n<p>Pour candidater en vue de la session 2027-2028, merci de remplir le formulaire suivant: <a href=\"https:\/\/forms.office.com\/e\/V7UZuJ7iH7\">https:\/\/forms.office.com\/e\/V7UZuJ7iH7<\/a><\/p>\n\n\n\n<p>Vous serez ensuite recontact\u00e9s selon les places disponibles.<\/p>\n\n\n\n<p><\/p>\n","protected":false},"excerpt":{"rendered":"<p>Conditions d&#8217;admission Afin de s\u2019inscrire, les candidats doivent poss\u00e9der un dipl\u00f4me de 1er cycle d\u2019enseignement sup\u00e9rieur ou avoir fr\u00e9quent\u00e9 l\u2019enseignement sup\u00e9rieur pendant deux ans et d\u00e9montrer une exp\u00e9rience de 5 ans dans un domaine en rapport avec le certificat. Pour les \u00e9tudiants qui sont d\u00e9j\u00e0 certifi\u00e9s PlaniCom (Gestion de crise et planification d\u2019urgence \u2013 ULi\u00e8ge &#8230; <a title=\"Inscriptions\" class=\"read-more\" href=\"https:\/\/www.planicrise.be\/index.php\/inscriptions\/\" aria-label=\"More on Inscriptions\">Read more<\/a><\/p>\n","protected":false},"author":3,"featured_media":0,"parent":0,"menu_order":4,"comment_status":"closed","ping_status":"closed","template":"","meta":{"footnotes":""},"class_list":["post-21","page","type-page","status-publish"],"_links":{"self":[{"href":"https:\/\/www.planicrise.be\/index.php\/wp-json\/wp\/v2\/pages\/21","targetHints":{"allow":["GET"]}}],"collection":[{"href":"https:\/\/www.planicrise.be\/index.php\/wp-json\/wp\/v2\/pages"}],"about":[{"href":"https:\/\/www.planicrise.be\/index.php\/wp-json\/wp\/v2\/types\/page"}],"author":[{"embeddable":true,"href":"https:\/\/www.planicrise.be\/index.php\/wp-json\/wp\/v2\/users\/3"}],"replies":[{"embeddable":true,"href":"https:\/\/www.planicrise.be\/index.php\/wp-json\/wp\/v2\/comments?post=21"}],"version-history":[{"count":16,"href":"https:\/\/www.planicrise.be\/index.php\/wp-json\/wp\/v2\/pages\/21\/revisions"}],"predecessor-version":[{"id":257,"href":"https:\/\/www.planicrise.be\/index.php\/wp-json\/wp\/v2\/pages\/21\/revisions\/257"}],"wp:attachment":[{"href":"https:\/\/www.planicrise.be\/index.php\/wp-json\/wp\/v2\/media?parent=21"}],"curies":[{"name":"wp","href":"https:\/\/api.w.org\/{rel}","templated":true}]}}